v(k) = 366*k**2 + 441*k + 1. Let q be v(-3). Calculate the highest common divisor of 116 and q.
116
Let f be -8*42/(-392) + (-984)/(-28). Let z(o) = -181*o - 1. Let i be z(-1). Calculate the highest common factor of f and i.
36
Suppose 3*k = -2*s - 32, 1 = -k - 3. Let r(c) = -5*c + 22. Let o be r(s). Let v(a) = 13*a - 4. Let q be v(4). What is the greatest common divisor of o and q?
24
Let x(z) = -45*z - 63. Let r be x(-6). Suppose -r*h + 390 = -204*h. What is the greatest common factor of h and 13?
13
Suppose 0 = 45*y - 64*y + 501 - 121. What is the highest common factor of 508 and y?
4
Let v be ((2 + -1)*4)/(122/26901). Calculate the highest common divisor of 72 and v.
18
Suppose 4*f = 3*f + k + 37, 2*k = -6. Suppose 32*r + 40 = f*r. Let t be 144/20 + 16/20. What is the highest common factor of t and r?
4
Let o(v) = 194*v**3 - 2*v**2 - v. Let b be o(-2). Let y be (0 - 3)*b/114. Let g = -78 + 201. Calculate the greatest common divisor of g and y.
41
Suppose -3*w - q = -9407, -14*w + 12545 = -10*w - q. Suppose w = 13*a + a. What is the highest common divisor of a and 56?
56
Let r be 1/2 + 36/(-8)*-15. Let v be 12903/r + (-2)/(-8). Suppose -5*n = 4*d - v, 145 = 5*n - 2*d - 3*d. What is the highest common factor of n and 51?
17
Suppose -2*p = -28 - 52. Let v(r) = 2*r**3 + 51*r**2 + 73*r + 64. Let q be v(-24). What is the greatest common divisor of p and q?
40
Suppose -2*v + 46 = 3*g, -36*v + 34*v + 2*g = -26. What is the greatest common factor of 1275 and v?
17
Let w(t) = 4*t - 3*t + 681*t**2 - 193 - 680*t**2. Let x be w(19). Calculate the greatest common divisor of 34 and x.
17
Suppose -7*k + 128 = -229. Suppose 0 = -k*r + 45*r + 2040. Suppose -4*a - m = -543, 5*a + 4*m = 347 + r. What is the highest common factor of a and 54?
27
Suppose -o + 4*h + 401 = 372, 3*h + 33 = 2*o. Let g(b) = 14*b + 6. Let w be g(3). Calculate the highest common factor of o and w.
3
Suppose k - 8531 = -y, 0 = y - 7*k + 9*k - 8534. Calculate the greatest common factor of y and 104.
104
Let v(a) be the third derivative of -a**5/60 + 41*a**4/24 + 47*a**3/6 - 100*a**2. Let w be v(42). Calculate the greatest common divisor of w and 2.
1
Suppose 0 = 811*u - 911*u + 2147200. What is the highest common divisor of 11 and u?
11
Let p(f) = f**3 + 4*f**2 - 11*f - 23. Let t = -335 + 330. Let h be p(t). Calculate the highest common divisor of h and 259.
7
Let c(r) = 40*r**3 - 5*r**2 + 1. Suppose 9 = i + 8*i. Let o be c(i). Let k = 87 + -60. What is the highest common factor of o and k?
9
Suppose 12*h - 20 + 452 = 0. Suppose z = 2*b + 4*z + 24, -2*z = -3*b - 36. Let d = b - h. Calculate the greatest common divisor of 108 and d.
12
Suppose 0 = -3*l - 3*b + 1131, -98 - 307 = -l + 3*b. What is the highest common factor of l and 84?
12
Suppose -k + 11431 - 11427 = 0. Let x = -5 - -9. Suppose x*v - z - 115 = 0, z - 16 = -v - 3*z. Calculate the highest common divisor of v and k.
4
Let m(p) = 2*p**2 + 28*p - 98. Let t be m(-17). Let f be 0 + 3 + -2 + t + -2. What is the highest common divisor of f and 19?
1
Let r be 0 + -5*70/(-25). Let v = -154 - -224. What is the highest common factor of v and r?
14
Suppose 6*n - 3*n = -27. Suppose -15 = o + 15. Let b be ((-57)/n)/((-1)/o). What is the greatest common factor of 38 and b?
38
Suppose 5996 = 350*g + 3116 - 28970. Let f(m) = m**2 - 3*m - 5. Suppose 0*i - 12 = -2*i. Let a be f(i). What is the greatest common factor of g and a?
13
Let d(p) = 3*p**2 - 2*p - 57. Let n be d(9). What is the highest common divisor of n and 6888?
168
Let n be 0/(2 + -5 + 4 + 1). Suppose 8 + n = 4*k. Let s be 904/16 - k/(-4). Calculate the highest common divisor of s and 19.
19
Let z(m) = -13*m + 9. Let u(h) = 38*h - 28. Let y(p) = 4*u(p) + 11*z(p). Let q be y(5). Let j = q + -26. Calculate the greatest common factor of j and 9.
3
Let h(l) = -27*l + 10. Let d be h(-5). Suppose 20 - d = -5*k. Suppose -2*j = -4*r + 75 - 29, -k = 5*j. Calculate the greatest common divisor of r and 9.
9
Suppose -5*t + 11*q + 160 = 21, 116 = 4*t - 4*q. What is the greatest common factor of 22200 and t?
30
Let f be (1 + -9)/((-1)/2). Suppose 32410 = 343*i - 65733 + 13079. Calculate the greatest common divisor of i and f.
8
Let b(n) be the second derivative of -n**3 + 34*n**2 + 69*n. Let x be b(-10). What is the highest common divisor of x and 192?
64
Let i = 142 - -40. Let a(x) = -x**3 + 31*x**2 - 249*x + 149. Let h be a(15). What is the highest common factor of h and i?
14
Let j = 532 - 523. Suppose j*m = 4*m - 15, 2*f - 279 = 3*m. What is the highest common factor of f and 30?
15
Suppose -3*k + 1449 = -3*a - 0*k, 0 = 3*a - 2*k + 1450. Let n = a + 487. What is the greatest common factor of 249 and n?
3
Let m(c) be the first derivative of -7/2*c**2 + 1/3*c**3 + 35 - 29*c. Let n be m(10). Calculate the greatest common divisor of 5 and n.
1
Suppose 5*s - 1685 = -676*u + 674*u, u - 1348 = -4*s. What is the greatest common divisor of s and 56616?
337
Let g be (2/6 - (-28)/105) + (-22563)/(-345). What is the greatest common divisor of 3003 and g?
33
Suppose 5*a - 848 = -2*r, 8*a + 36*r - 1364 = 34*r. What is the highest common divisor of 5891 and a?
43
Let c = 25856 + -25612. Let i = -6 + 10. Calculate the greatest common factor of c and i.
4
Let f = 13375 + -8920. Calculate the highest common factor of f and 165.
165
Suppose -c = -3*v - 33, 0 = 38*v - 34*v + 20. Let l = 9 - 4. Suppose 28 = 4*n - 2*s, -n - 20 = -l*n - 2*s. What is the highest common factor of c and n?
6
Suppose -29*r - 1512 = 7*r. Let s be (18/(-21) + 0)*r/9. What is the highest common divisor of 2 and s?
2
Suppose 0 = -3*m - 4*y + 20, 5*m - 3*y - 54 - 76 = 0. Suppose 4*f = -3*r + 53, -2*r + f + 32 = 2*f. What is the highest common divisor of r and m?
5
Let g(x) = 7*x - 38. Let o(m) = m. Let z be 3/15 + (-8)/(-10). Let u(a) = z*g(a) - 3*o(a). Let y be u(18). Calculate the highest common divisor of 2 and y.
2
Let o(g) = 6*g + 6. Let b be 24/16 + 11/2. Let t be o(b). Suppose 2*x - t = 4*v, 0*x - 4*v = -4*x + 84. Calculate the greatest common divisor of x and 2.
2
Suppose -35*b = 30*b - 71*b + 516. Calculate the highest common factor of b and 8342.
86
Let c = 5571 - 5545. Calculate the greatest common divisor of 3562 and c.
26
Let y = 3323 - 1919. Calculate the highest common factor of 84 and y.
12
Suppose 54*l = 50*l + 5500. Let c = l - 319. Calculate the highest common factor of 96 and c.
96
Let u = 334 - 474. Let i = -14 - u. What is the greatest common divisor of i and 28?
14
Suppose -26*n = 69 - 537. Suppose o = -3*s + 2*s + n, 4*o + 80 = 4*s. What is the highest common divisor of s and 513?
19
Let a = -9138 - -9593. Calculate the greatest common factor of a and 1560.
65
Let r(i) = -349*i - 266. Let x be r(-5). Suppose p + 5*g = 511, -3*p + 6*p - 3*g = x. Calculate the highest common divisor of 186 and p.
62
Suppose -5*v + 5*o + 1912 = -1258, 0 = 5*v + 5*o - 3120. What is the highest common divisor of v and 407?
37
Let p = -804 - -969. Calculate the highest common factor of 4785 and p.
165
Let b(u) = -14*u - 9. Let i(d) = 70*d + 46. Let p(k) = -16*b(k) - 3*i(k). Let g be p(6). Let y = -406 - -416. What is the highest common factor of y and g?
10
Let f be 1/1 - (-4)/((-24)/(-222)). Let g = f + -36. Suppose 48 = z + h, -5*z - h = g*h - 232. Calculate the highest common divisor of 33 and z.
11
Suppose 3*y - 27*y + 40392 = 0. What is the highest common divisor of y and 22?
11
Let l(u) = -3*u**3 + 52*u**2 - 14*u - 13. Let w be (8 + -6)*(-51)/(-6). Let r be l(w). What is the highest common factor of r and 38?
38
Let s be (18/(-3))/(10/(-525)). Let z = -798 + 843. What is the greatest common factor of z and s?
45
Suppose 648 = 11*o - 15*o. Let v be 36/o - (-5224)/18. Calculate the greatest common factor of 10 and v.
10
Suppose -17*r + 8*r + 10152 = 0. Let y = -41 + 50. Suppose y*d - 312 = r. Calculate the highest common divisor of 32 and d.
32
Let y = 228 - 100. Suppose 92 = 2*d + 2*p, 4*d - 2*p - 80 - y = 0. Calculate the greatest common divisor of 75 and d.
25
Let m(y) = -8 + y**2 - 82 + 802*y - 804*y. Let i be m(-9). What is the greatest common divisor of 18 and i?
9
Let p = -46 + 22. Let d = p + 27. Suppose d*n = -3*n + 1458. What is the greatest common divisor of 27 and n?
27
Suppose 10*s = 30, 5*b = -3*s + 264 + 195. Calc